t derivative of x**4/2 - x**3/3 + x**2 + 3*x - 15. What is p(-2)?
-21
Suppose -20*q + 12 = -23*q. Let t(y) be the second derivative of -y**5/20 - y**4/3 - y**3/2 + 5*y**2/2 + 7*y. What is t(q)?
17
Let j(m) = -2*m - 13. Let v be j(-9). Suppose -5 = 5*f + v. Let r(n) = 3*n - 1. Give r(f).
-7
Let b(n) = 0 + 1 + 0 + n. Let v be (-1)/(-2) + (-60)/(-24). Let y be v/(-2) - (-15)/(-10). What is b(y)?
-2
Let i be (-16)/10 - (-10)/(-25). Let c = i + 5. Suppose -23 = -4*x + 3*r, -4*x - 2*r - c*r = -15. Let h(d) = -d**3 + 5*d**2 - 1. Determine h(x).
-1
Suppose 25 = 4*z + z, z = 2*f + 1. Suppose -5*j + 16 = -3*b, j - 6 + f = b. Let l(i) = i**2 + 0 - 4*i**2 + 4*i**j + 3*i + 2. What is l(-3)?
2
Let y(w) = 9*w**2 - 4*w - 6. Suppose 0 = -4*k + 2*q - 10, -3*q = 2*q + 25. Let c(b) = -4*b**2 + 2*b + 3. Let u(p) = k*c(p) - 2*y(p). Calculate u(3).
9
Let z be 92/6 - 1/3. Let a(v) = 4 - v**2 - z*v + 11*v + 0 + 3. Suppose j + 2 + 3 = 0. Give a(j).
2
Let z be (3/6)/((-1)/(-2)). Suppose u - 2 = 0, -u + 27 = o + 4*o. Let g(f) = -o*f + f + 6*f. Determine g(z).
2
Suppose -36 + 6 = 5*u. Let d(a) be the first derivative of a**3/3 + 3*a**2 + 4*a - 1. Determine d(u).
4
Let o(x) = x**3 - 5*x**2 + 5*x + 10. Let c(m) = -m**3 + 4*m**2 - 5*m - 10. Let l(q) = -2*c(q) - 3*o(q). Determine l(7).
-45
Let h(i) be the second derivative of -i**5/20 - i**4/2 - 5*i**3/6 + 3*i**2 - 183*i. Let r be (2/5)/(1/5). Suppose 0 = m - r*m - 5. What is h(m)?
6
Let q(v) = -2*v**2 - 12*v - 13. Let y be q(-7). Let r = y - -24. Let z(g) = -g**3 - 2*g**2 + 3*g + 2. Calculate z(r).
2
Let w(p) = -70*p - 288. Let z be w(-4). Let t(y) be the third derivative of y**6/120 + 3*y**5/20 + y**4/4 - 5*y**3/6 - y**2. What is t(z)?
11
Let z(y) be the third derivative of -y**4/24 + 2*y**3/3 + 407*y**2. Determine z(-9).
13
Let m(n) be the first derivative of -n**3/3 + 9*n**2 + 43*n - 1. Let w be m(20). Let d(a) = -a + 1. Calculate d(w).
-2
Let h = -6 + -5. Let n = 18 + h. Let u(x) be the third derivative of x**4/24 - 5*x**3/6 + 55*x**2 + 5. Give u(n).
2
Suppose -23 = 3*i + 2*n, 0 = -i - 3*i + n - 16. Let h = -5 - -8. Let d(g) = -6*g - 10*g + h + 15*g. Calculate d(i).
8
Let c(u) = -7*u + 1 + u - 2*u - 2*u**2 + 0 - 11. Calculate c(-4).
-10
Let i(o) = 14 - 74 + 62 - 5*o + 0*o + 0*o. Let c = 1 + -3. Calculate i(c).
12
Let q(w) = 4*w - 16. Let j(z) = 7*z - 29. Let p(f) = 3*j(f) - 5*q(f). Determine p(0).
-7
Suppose -5*u = -7*u - 30. Let k(q) = q**3 + 16*q**2 + 14*q - 20. Give k(u).
-5
Let q(z) be the second derivative of z**4/12 - z**2 + z. Let j = -133 - -135. What is q(j)?
2
Let z(j) = 4*j**3 - 11*j**2 - 10*j + 1. Let g = -2 - -8. Let a(d) = 9*d + d**2 + 3*d**2 + g*d**2 - 3*d**3 - 1 + 0*d. Let t(f) = 5*a(f) + 4*z(f). Give t(-5).
-1
Let d(u) be the third derivative of -u**5/120 + u**4/24 - 13*u**3/3 + 17*u**2. Let x(y) be the first derivative of d(y). What is x(-3)?
4
Let b(x) be the first derivative of -x**2/2 + 7*x - 11. Let z(m) = -1. Let s(w) = b(w) + 5*z(w). Calculate s(6).
-4
Let k(p) = 7*p + 13. Let z = 588 + -590. Give k(z).
-1
Let s(r) = 5*r**3 + 15*r**2 - 3*r + 28. Let i(h) = -4*h**3 - 15*h**2 + 2*h - 26. Let c(b) = 4*i(b) + 3*s(b). What is c(-15)?
-5
Let a(y) = -y**3 - 1. Let z(n) = 4*n**3 + n + 8. Let p(w) = -4*w - 23. Let q be p(-6). Let x(s) = q*z(s) + 3*a(s). What is x(0)?
5
Suppose -4*f = f - 350. Let b be (-14)/4*(-120)/f. Let l(z) = z**2 - 8*z + 9. What is l(b)?
-3
Let c(d) be the second derivative of -1/2*d**2 - 1/3*d**4 - 12*d + 1/3*d**3 + 0. Let l(f) = -f - 1. Let v be l(-2). Give c(v).
-3
Let x(d) = -52*d - 4 + 7*d + 43*d + 3*d + 2. Let t be 1 + (-2)/2 + 1. What is x(t)?
-1
Let t be (-4)/(-12)*0 + 0. Suppose t = 2*u - 4*u + 8. Let h be 21/(-6) - u/8. Let x(f) = f**2 + 2*f - 2. Calculate x(h).
6
Let q(y) = 6*y - 42. Let u be q(5). Let f(n) = 2*n + 8. Give f(u).
-16
Let q(v) = -3*v**2 - 50*v - 4. Let i(b) = b**2 + 17*b + 1. Let p(r) = 8*i(r) + 3*q(r). Give p(-14).
-4
Suppose -3*b - 10 = -55. Let c(g) = g**2 - 22*g - 9. Let f be c(b). Let q be (-665)/f + 1/6. Let k(v) = v**2 - 7*v + 5. Calculate k(q).
-1
Let o(q) = -9*q + 2. Let j(p) = -34*p + 8. Let a(f) = 17*f - 4. Let t(n) = 9*a(n) + 4*j(n). Let v(c) = 11*o(c) + 6*t(c). Determine v(-2).
-8
Let c(i) = -13 - 5*i**2 - 12 + 2*i**3 - 3*i**3 + 2*i + 24. Determine c(-4).
-25
Let d(i) = 8*i**2 - 1. Let w = 659 - 660. Determine d(w).
7
Suppose 5 = 4*u - 15. Let d(w) = -70*w + 34*w - 7 + 34*w. What is d(u)?
-17
Let r(c) = c**3 + 5*c**2 - c + 7. Let m(j) = -j**3 - 5*j**2 + j - 7. Let f(k) = 6*m(k) + 5*r(k). Let y = 9 + -14. Let w = -10 - y. What is f(w)?
-12
Let v(r) = -2*r + 1. Let h(t) = t**3 - 2*t**2 - 4*t + 2. Let o be h(-2). What is v(o)?
13
Suppose -v = -3*v - v. Suppose p + 3 + 0 = v. Let o(q) = q**3 + 2*q**2 - 4*q - 3. Calculate o(p).
0
Let a = 0 + 12. Suppose a = 3*t + 3*q, 2*t + 2*q - q - 4 = 0. Let z(l) be the first derivative of -l**4/4 - l**2/2 - 50. Determine z(t).
0
Suppose 2*q + 2*s = -22, -4*s = 5*q + 15 + 43. Let d be (-28)/(-6)*(-12)/q. Suppose 0*j - d*j = 4. Let v(k) = -6*k**3 + k**2. Give v(j).
7
Suppose 33 = -4*m + b, -8*b = -3*b - 5. Let t(z) = -4*z**2 - 25*z - 4. Let v(w) = 7*w**2 + 45*w + 9. Let y(i) = 5*t(i) + 3*v(i). Calculate y(m).
-9
Suppose 17*y = 14*y + 15. Let b(a) = -10*a - 19. Let v(w) = 7*w + 12. Let x(s) = y*b(s) + 7*v(s). What is x(-10)?
-1
Let y be (2/3)/((-38)/(-3363)). Let t(r) = y - 31 - 2*r + 0*r - 26. What is t(4)?
-6
Let f(h) be the third derivative of 0*h + 5/6*h**3 - 1/120*h**6 + 0 + 1/15*h**5 + 0*h**4 - 24*h**2. Give f(4).
5
Let b(x) = 7*x - 9. Let v(r) = -3*r + 4. Suppose 0*a - 8 = -4*a. Let q(f) = a*b(f) + 5*v(f). Give q(-5).
7
Let x(m) be the third derivative of 0*m + 5/24*m**4 + 0 - 39*m**2 + 1/6*m**3. Calculate x(-2).
-9
Let s(c) be the second derivative of c**7/840 - c**6/180 + c**5/40 - c**4/8 - 16*c**3/3 - 15*c. Let g(a) be the second derivative of s(a). Calculate g(3).
15
Let c be (-1)/3 - 2/(-6). Let k(r) be the second derivative of -r**3/6 - r**2 + 80*r + 5. Give k(c).
-2
Let c(q) = -3*q + 12. Let f = 1171 + -1165. Calculate c(f).
-6
Let q(z) = z**2 - 9*z + 9. Let a(u) = -u**2 + 19*u - 11. Suppose 7*m + 30 = 2*m. Let c be (-4)/(-12) - 106/m. Let j be a(c). What is q(j)?
-5
Let i(o) = -o - 14. Let l(w) = w**2 - 19*w - 12. Let a be l(20). Let g be (a - 4 - (-2 + 10)) + -4. What is i(g)?
-6
Let u(b) = -b**2 + 5*b + 42. Let w = -2888 - -2898. Give u(w).
-8
Let b(m) = 13*m + 233. Let q be b(-18). Let l(r) = 3*r**2 + 3*r + 7*r**2 - 4*r. Give l(q).
11
Let o be 10/(-15)*(-45)/6. Let n(i) = -i**3 + 4*i**2 + 5*i - 1. Let c be n(o). Let l(h) = -4*h**3. Determine l(c).
4
Let h(p) = -7*p**2 - 2*p - 1. Let q = 1458 - 1456. Give h(q).
-33
Let b(a) = 3*a**2 + a + 6. Let y(v) = -v**2 + v - 1. Let r(s) = -b(s) - 4*y(s). Let i(c) = c**2 + 8*c - 100. Let u be i(7). Determine r(u).
-2
Let d(n) = 3*n - 2*n - 2 - 2*n - n**2 + 2*n - 3*n. Calculate d(-4).
-10
Let v(o) = -8*o + 3 + 4*o + 5 + 3*o. Let n(g) = 20*g**2 - 1. Let a be n(1). Suppose -12 + 5 = -x - 3*b, -4*x = 3*b - a. Calculate v(x).
4
Let h(o) be the third derivative of o**4/12 + 5*o**3/6 + 81*o**2 - 1. What is h(-7)?
-9
Suppose 4 = 3*i + 10. Let v(w) = 8*w**2 - 4*w - 3. Let m(q) = 41*q**2 - 21*q - 16. Let h(f) = i*m(f) + 11*v(f). Suppose 4 = -8*d + 4*d. Give h(d).
7
Let w(x) = 6*x - 1. Let t(g) = -3*g - 29. Let m(d) = d + 14. Let n(l) = -5*m(l) - 2*t(l). Let y be n(11). Calculate w(y).
-7
Let p(l) be the second derivative of -l**4/12 - 8*l**3/3 - 6*l**2 - 2*l - 72. Give p(-15).
3
Let g(q) = -14*q**3 - 5*q**2 - 6*q + 6. Let f be (4/(-5 + 1))/1. Let l(k) = k**3 - k**2 - k + 1. Let v(p) = f*g(p) + 6*l(p). Give v(1).
19
Suppose 0 = u + 3*u - k - 16, 8 = 2*u + 5*k. Let g(c) = -c**3 + 2*c**2 + 5*c - 4. Calculate g(u).
-16
Let w(v) be the first derivative of -4 + 3/4*v**4 + 5*v - 1/6*v**3 + 0*v**2. Let g(u) be the first derivative of w(u). Calculate g(-1).
10
Let u(s) = 49*s + 50*s + 42*s + 8 - 179*s + 43*s. Calculate u(6).
38
Suppose -11*m + 13 = 57. Let t be -1*(0 + m + 5). Let v(z) = 8*z**2 - z. What is v(t)?
9
Let r = 991 - 992. Let k(u) = -38*u**3 + 2*u**2 - 1. Calculate k(r).
39
Let v(z) = 4*z**3 - 3*z**2 - 11*z - 2. Let p(r) = 2*r**3 - 4*r**2 - 1 + 0 + r**3 + 21*r - 31*r. Let g(u) = 3*p(u) - 2*v(u). Determine g(7).
-6
Let l = -1293 + 1300. Let o(v) = -v**2 - 2*v + 8. 